 is the remainder when 29 is divided by b?
9
Let f = 3 - -1. Suppose 2 = 5*k - f*k. Calculate the remainder when 2 is divided by k.
0
Let r(a) = -a**3 + 3*a**2 - a - 1. Let p be r(2). Let n(c) = 9*c**3 + c**2. Calculate the remainder when n(p) is divided by 3.
1
Suppose 1 = 2*h - 9. Suppose -l + h = 0, -5*v + 4*v + 59 = 2*l. Let j(d) = d**2 - d + 5. Calculate the remainder when v is divided by j(4).
15
Let g = 19 + 4. What is the remainder when g is divided by 12?
11
Suppose 9 = -4*x + 41. Let h(s) = -s**2 - 10*s - 4. Calculate the remainder when x is divided by h(-9).
3
Let n(k) = -k + 13. What is the remainder when 83 is divided by n(-8)?
20
Let i = -3 + 7. Let m = 1 + i. Calculate the remainder when 8 is divided by m.
3
Let c = -3 - -3. Suppose h = k + 16, h - 3*k + 3 - 9 = c. Calculate the remainder when h/(((-15)/6)/(-5)) is divided by 15.
12
Let l(p) = -9*p**3 + p**2. Calculate the remainder when l(-1) is divided by 3.
1
Let s(b) = -b + 3. Let r be s(6). Let n = r + 18. Calculate the remainder when 28 is divided by n.
13
Let k = 22 + -15. What is the remainder when 33 is divided by k?
5
Suppose 0 = z - 3*m - 61, 6*z - 359 = z - 3*m. Calculate the remainder when z is divided by 18.
16
Let z = 4 + 1. Let s = z - 1. What is the remainder when s is divided by 8/3 - 5/(-15)?
1
Let q(b) = -b**2 + 7*b - 6. Let j be q(4). Suppose -6 - j = -4*p. Calculate the remainder when 6 is divided by p.
0
Let z(t) = -t**3 - t - 1. Let n be z(0). Let c(y) be the first derivative of -y**2/2 + y - 37. Calculate the remainder when 4 is divided by c(n).
0
Let u(n) = 13*n**2 - 1. Let p be (-6)/42 + (-8)/(-7). What is the remainder when (0/2 - 34)/(-1) is divided by u(p)?
10
Let z(y) = -y**2 - 6*y + 5. Let f(k) = k**3 - 7*k**2 + 7*k - 1. Let h be f(6). Suppose -72 = -h*x + 53. Calculate the remainder when x is divided by z(-4).
12
Let o be (-1)/(-8)*26*4. Suppose 0 = -4*b + i - 1, -2*i = 3*b - o. Calculate the remainder when -3 + 37 - (b - 0) is divided by 17.
16
Let h = -36 + 48. Calculate the remainder when 35 is divided by h.
11
Let d be 0 - (0 - (1 + 0)). Let h = 55 + -38. Calculate the remainder when 80*d*2/5 is divided by h.
15
Let c = -19 + 28. Let k(j) = j + 13. Calculate the remainder when k(c) is divided by 12.
10
Suppose -19*j + 1248 = -6*j. Calculate the remainder when j is divided by 25.
21
Let m be 0 + 6*(-2)/(-3). Suppose 3*t + 748 = -m*z, -6*t + 3*t - 720 = -3*z. What is the remainder when 35 is divided by 2/(-10) + t/(-20)?
11
Let x(z) = z**3 + 10*z**2 - 2*z - 22. Calculate the remainder when x(-9) is divided by 10.
7
Let n = 0 - -2. Let p(k) = -k**3 + 3*k**2 - 3*k + 3. What is the remainder when 3 is divided by p(n)?
0
Suppose a - 64 = -22. Suppose -4*f = -4*c + 48, -a = 2*c - 4*c - 4*f. What is the remainder when (-83)/(-3) + 1/3 is divided by c?
13
Calculate the remainder when 16 is divided by ((-33)/33)/((-2)/24).
4
Suppose -4*o - 5*z + 79 = 0, 0 = -2*o + 5*o - z - 64. Suppose 4*y + 18 = 50. What is the remainder when o is divided by y?
5
Let k = 8 - 6. Calculate the remainder when 50 is divided by (k + (0 - 19))*-1.
16
Let s be 0/(2*(-2)/(-4)). Suppose 5*i + 5 = 25. Suppose s*a + 64 = i*a. Calculate the remainder when 29 is divided by a.
13
Let u = 9 + -15. Let q = -2 - u. Suppose -4 = -i + q. Calculate the remainder when 29 is divided by i.
5
Let t = 297 + -68. What is the remainder when t is divided by 46?
45
Let y(p) = 5*p**2 - p - 1. Suppose -2*k = -0*k - 10. Suppose -f = -4*q - 29, k*f = 2*q + 3*q + 220. Calculate the remainder when f is divided by y(2).
15
Suppose -g - 4 = -4*p, 2*p - 1 - 1 = -5*g. Let d be -1 - 1 - (g + -6). Suppose 2*m + q = 6, -m = -0*m - d*q + 6. Calculate the remainder when 5 is divided by m.
1
Suppose a + 9 = 2*m + 29, 3*m - 20 = -a. Suppose -4*p + 16 + a = 0. What is the remainder when 26 is divided by p?
8
Let g(u) = -u**3 - 4*u**2 - 2*u + 4. Let r be g(-3). What is the remainder when (-1 + 27)*r - -2 is divided by 78/8 - (-5)/20?
8
Let t(c) = -c - 9. Let u be t(-11). Let o = 5 - u. What is the remainder when 10 is divided by o?
1
Let r = 13 + -7. Let d(l) = l**2 + 2. Calculate the remainder when r is divided by d(0).
0
Let l = 169 + -96. Calculate the remainder when l is divided by 38.
35
Let l(t) = t**2 - 17*t - 11. Calculate the remainder when l(19) is divided by 5.
2
Suppose 0 = -4*p + 22 + 2. Let x be (-1 - -5)/(p/21). Suppose 4*t + 9 = 5*s + 44, -t + x = 4*s. Calculate the remainder when 28 is divided by t.
8
Suppose 3*g + 29 = 4*g. Calculate the remainder when g is divided by 8.
5
Let x = 25 - 9. Suppose -r = 5, 2*k + r - 3*r - x = 0. Suppose 0 = k*o - 79 - 47. What is the remainder when o is divided by 22?
20
Let a be 1 - (-7 - -3 - -1). Suppose -i - f = -24, -12 = -4*i + a*f + 92. What is the remainder when 570/12 + 2/4 is divided by i?
23
Suppose 5*w = -4*x + 35, 2*x - 2*w + 6*w - 22 = 0. What is the remainder when 28 is divided by x?
3
Calculate the remainder when 12 is divided by (0 - -1)/(3/12).
0
Let p(v) = 23*v**2 - 6*v - 7. Calculate the remainder when (-644)/(-10) + (-2)/5 is divided by p(-1).
20
Let h(n) = -7*n - 22. Calculate the remainder when 41 is divided by h(-4).
5
Let c(r) = -18*r**2. Let y be c(1). Let l be 205/7 - (-4)/(-14). Let j = y + l. Calculate the remainder when j is divided by 6.
5
Suppose -3*n + 78 = -3*v, 5*n - 130 = -0*n + 3*v. Calculate the remainder when 181 is divided by n.
25
Let y(p) = p**2 + 9*p + 12. Let z = -10 + 2. Suppose 0*l - 5*l + 55 = 0. What is the remainder when l is divided by y(z)?
3
Let i = -55 + 83. Let p = -3 + 13. Calculate the remainder when i is divided by p.
8
Suppose 2*u + 3*k - 51 = 0, 4*u + 5*k + 0*k - 101 = 0. What is the remainder when 46 is divided by u?
22
Let r(h) = 8*h**2 - 4*h - 1. Let y(o) = o**3 - 5*o**2 + 4*o + 3. Let u be y(4). Let b = 6 - u. What is the remainder when r(b) is divided by 20?
19
Suppose 20 = 5*u + a + 2*a, 4*u - 4*a - 16 = 0. Let w be (-9)/12*-6*u. Let k = w - -7. Calculate the remainder when k is divided by 9.
7
Suppose 3*w - 1 = -p - 3, 5*w + 25 = 0. Let q be (-2)/7 - 120/21. What is the remainder when (50/(-6))/(2/q) is divided by p?
12
Suppose 14 = 2*t - 4. What is the remainder when t is divided by 4?
1
Let g = 17 - 9. What is the remainder when g is divided by 3?
2
Suppose q + 5*b = 17, 6*q - 85 = q + b. Suppose -6*t + t - 3*o + 244 = 0, o + 252 = 5*t. What is the remainder when t is divided by q?
16
Suppose -35*q + 33*q = -82. What is the remainder when q is divided by 11?
8
Suppose 3*z - 2*z - 19 = 0. Let y = z + -2. What is the remainder when 31 is divided by y?
14
Let n = -11 + -29. Let m = n + 115. What is the remainder when m is divided by 26?
23
Suppose 3*z - 8 = 16. Let t = 202 - 188. What is the remainder when t is divided by z?
6
Let h(q) = q**3 + 7*q**2 - 2*q - 8. Let w be h(-7). Suppose -s + 34 = w. What is the remainder when s is divided by 15?
13
Let y(x) = 5*x + 1. Suppose 26 = -4*f + 146. What is the remainder when f is divided by y(3)?
14
Let f = -5 + 10. Let x(a) = 1 + 0*a + 7*a - f. What is the remainder when x(5) is divided by 16?
15
Let l(w) = 3*w + 9. What is the remainder when l(7) is divided by 16?
14
Let v be -4 - -2 - (-58 - 0). Let s(f) = 4*f. Let t be s(1). Suppose -p = t*w - 53, -4*p + v = 4*w - w. What is the remainder when 22 is divided by w?
10
Let t = 1 + 3. Let x = 9 - t. Calculate the remainder when 3 + 8 + 1 + -3 is divided by x.
4
Let h(x) = -x**2 + 3*x + 5. Let n be h(6). What is the remainder when 38 is divided by (-2)/n - (-128)/13?
8
Let q(c) = c**2 + 4*c - 3. Let f be q(-4). Let o = 6 + f. What is the remainder when 5/((-28)/10 + o) is divided by 13?
12
Let q = -28 + 48. Let w(p) = 2*p**2 - p**3 + 3*p + 5*p**2 + 5 + 0*p. What is the remainder when w(6) is divided by q?
19
Let g(j) = -j**3 - 5*j**2 + 3*j - 5. Let n be g(-5). Let a be (12/(-30))/(2/n). Let u(m) = 2*m**2 - 5*m + 6. Calculate the remainder when u(a) is divided by 10.
8
Let j(s) = 4*s + 5. Let t(r) = -r**2 + 7*r + 2. Let y be t(7). Suppose -y*w + w = -1, -3*l + 4*w + 35 = 0. What is the remainder when j(5) is divided by l?
12
Let a = 2 - -41. Suppose -s = -3*p - 34, p + a = 4*s - 49. Calculate the remainder when s is divided by 8.
6
What is the remainder when 110 is divided by (-6)/(-2 - 1) - -37?
32
Let f 